alse
Is 12 a factor of 888504?
True
Does 17 divide 39495674?
False
Is 1134914319 a multiple of 77?
True
Does 1409 divide 648340078?
True
Does 261 divide 1131999543?
True
Is 100356100 a multiple of 4063?
True
Is 1173 a factor of 1543888569?
False
Does 26 divide 58671380?
False
Does 317 divide 264295425?
False
Is 1541 a factor of 2800645761?
True
Does 15 divide 3849323?
False
Does 7 divide 13020950?
False
Is 147302917 a multiple of 67?
True
Does 379 divide 1759535423?
False
Is 991 a factor of 53858868?
True
Is 9173144 a multiple of 226?
False
Is 992 a factor of 306375232?
True
Is 180 a factor of 114709260?
False
Does 801 divide 1058009569?
False
Does 22 divide 67258646?
False
Does 429 divide 309035166?
False
Is 55 a factor of 1244926911?
False
Is 881111616 a multiple of 14?
True
Is 327077851 a multiple of 2590?
False
Does 1345 divide 201350535?
True
Does 3 divide 13427799?
True
Is 372 a factor of 31328352?
True
Is 15 a factor of 1118426655?
True
Is 391 a factor of 1277122518?
True
Is 210440501 a multiple of 29?
True
Is 430 a factor of 454201105?
False
Does 965 divide 12072150?
True
Is 321 a factor of 17532057?
True
Is 190570680 a multiple of 12?
True
Does 166 divide 526220?
True
Is 8525 a factor of 1575074872?
False
Is 415 a factor of 183809720?
False
Is 946515591 a multiple of 1953?
True
Does 46 divide 2456846384?
True
Is 11 a factor of 268433?
True
Is 9 a factor of 164124415?
False
Does 7 divide 5044101?
False
Is 774 a factor of 1121618880?
True
Does 163 divide 155499881?
True
Is 7 a factor of 1290616?
False
Is 229652473 a multiple of 41?
False
Is 2519370150 a multiple of 10065?
True
Is 748 a factor of 9964975?
False
Is 355228209 a multiple of 41?
False
Is 48747220 a multiple of 10?
True
Is 6362394 a multiple of 9?
False
Is 139 a factor of 12508452?
False
Is 6203712 a multiple of 48?
True
Is 31154712 a multiple of 12?
True
Is 148 a factor of 10653780?
True
Is 449 a factor of 240900623?
True
Does 69 divide 90253035?
True
Is 2 a factor of 3839564?
True
Does 159 divide 50027283?
True
Is 4511160 a multiple of 216?
True
Is 585857937 a multiple of 21?
True
Is 4465773 a multiple of 13?
True
Is 62439036 a multiple of 22?
True
Is 47314168 a multiple of 2252?
False
Is 17 a factor of 806320766?
False
Is 86 a factor of 446874834?
True
Does 41 divide 8979812?
False
Does 753 divide 282114462?
True
Is 144 a factor of 1188330365?
False
Is 414963672 a multiple of 838?
False
Does 868 divide 282342172?
True
Does 39 divide 81929640?
True
Does 441 divide 56157482?
False
Is 690 a factor of 50531460?
True
Is 43471275 a multiple of 41?
True
Is 74027017 a multiple of 882?
False
Is 989788998 a multiple of 111?
True
Does 213 divide 502715092?
False
Does 19 divide 17707190?
False
Does 95 divide 8814176?
False
Is 19375308 a multiple of 9?
True
Is 286 a factor of 3905467618?
False
Is 657 a factor of 25675146?
False
Is 91 a factor of 33714453?
False
Is 40 a factor of 440570428?
False
Is 949 a factor of 24450036?
True
Is 14 a factor of 64839138?
True
Is 648454400 a multiple of 100?
True
Does 3 divide 1813819?
False
Is 548969090 a multiple of 361?
True
Is 144630368 a multiple of 1809?
False
Does 30 divide 801673470?
True
Is 11 a factor of 216953308?
True
Is 329 a factor of 20573357?
True
Does 15 divide 4177590?
True
Is 8 a factor of 1196696070?
False
Is 14 a factor of 5550661926?
False
Does 4 divide 1988900?
True
Is 76 a factor of 3905249?
False
Is 461769700 a multiple of 14?
True
Is 244 a factor of 54846598?
False
Does 390 divide 3053512020?
True
Is 429777404 a multiple of 1966?
False
Does 408 divide 4225441?
False
Is 42649936 a multiple of 16?
True
Does 1832 divide 101382880?
True
Is 973810852 a multiple of 749?
True
Is 171292749 a multiple of 519?
False
Does 67 divide 41832924?
True
Does 1313 divide 76733061?
False
Is 807 a factor of 47142292?
False
Is 87793151 a multiple of 51?
False
Is 29 a factor of 35640246?
True
Is 451 a factor of 41789660?
True
Is 63 a factor of 2283930684?
True
Does 134 divide 3042023914?
True
Is 485 a factor of 709824175?
True
Is 21 a factor of 15847713?
True
Does 3 divide 270129554?
False
Is 4811158 a multiple of 319?
True
Is 53 a factor of 1505889?
True
Is 44777990 a multiple of 108?
False
Is 72922567 a multiple of 622?
False
Is 49 a factor of 77759493?
False
Does 60 divide 40886940?
True
Is 1285 a factor of 105961430?
False
Does 71 divide 145327415?
True
Is 49299630 a multiple of 894?
True
Is 195 a factor of 10547160?
True
Is 430298908 a multiple of 15?
False
Does 24 divide 87790200?
True
Does 16 divide 52716928?
True
Is 256288956 a multiple of 2997?
False
Does 1007 divide 1098004817?
False
Is 6 a factor of 99307662?
True
Is 27943933 a multiple of 1749?
False
Is 335915280 a multiple of 9?
True
Does 1472 divide 18617305?
False
Does 23 divide 394641485?
False
Is 114915414 a multiple of 22?
False
Does 6 divide 1556691005?
False
Is 1742398675 a multiple of 33?
False
Does 620 divide 3476691540?
True
Is 56274305 a multiple of 61?
False
Is 56315194 a multiple of 17?
False
Does 430 divide 191141830?
False
Is 393607978 a multiple of 2082?
False
Is 93373792 a multiple of 136?
True
Is 24 a factor of 82357974?
False
Is 548 a factor of 773794632?
True
Is 7 a factor of 247361823?
False
Is 215083863 a multiple of 843?
True
Is 182 a factor of 446020666?
True
Is 127285774 a multiple of 59?
True
Is 713 a factor of 64321008?
False
Is 1408608324 a multiple of 36?
True
Does 712 divide 1560087?
False
Is 15 a factor of 1396535235?
True
Is 47378499 a multiple of 31?
False
Is 227118325 a multiple of 7?
True
Is 275 a factor of 3433646029?
False
Is 55312537 a multiple of 1326?
False
Does 2 divide 33024157?
False
Is 2012 a factor of 686743235?
False
Is 905942230 a multiple of 5020?
False
Is 170120488 a multiple of 631?
False
Is 22423808 a multiple of 704?
True
Is 477 a factor of 1225352967?
False
Is 89 a factor of 2109861234?
True
Is 763759820 a multiple of 88?
False
Is 28666141 a multiple of 366?
False
Does 208 divide 190885552?
True
Is 3289182385 a multiple of 1583?
False
Does 10 divide 32663620?
True
Is 365 a factor of 87779580?
True
Is 945 a factor of 424837869?
False
Is 198 a factor of 116383805?
False
Is 32045679 a multiple of 713?
False
Is 14 a factor of 2465050378?
True
Does 267 divide 36487419?
True
Does 59 divide 915714751?
True
Does 14 divide 248752121?
False
Is 16 a factor of 35070400?
True
Is 3959 a factor of 56336839?
False
Does 88 divide 21321733?
False
Is 33 a factor of 84790497?
True
Does 11 divide 50248011?
True
Is 162 a factor of 12653982?
True
Does 19 divide 3962640?
True
Does 31 divide 4463545909?
False
Is 3412019 a multiple of 72?
False
Does 56 divide 2372941733?
False
Is 26387002 a multiple of 1178?
False
Is 289509 a multiple of 849?
True
Is 1601 a factor of 235719658?
False
Is 54 a factor of 194356478?
False
Does 85 divide 3677950?
True
Is 699 a factor of 44581757?
False
Is 14805820 a multiple of 252?
False
Is 6099 a factor of 154999813?
False
Does 1111 divide 215230666?
False
Does 68 divide 2660062692?
True
Does 94 divide 122239198?
True
Is 13 a factor of 1072181187?
False
Is 5 a factor of 1654260134?
False
Does 1188 divide 17658704?
False
Is 196444040 a multiple of 590?
True
Does 25 divide 456545750?
True
Is 48200159 a multiple of 1249?
True
Does 60 divide 37786020?
True
Is 18 a factor of 33700252?
False
Does 152 divide 5919336?
True
Is 9207040 a multiple of 40?
True
Does 3 divide 15491450?
False
Is 79795457 a multiple of 1758?
False
Does 698 divide 54511008?
True
Is 753777100 a multiple of 430?
True
Is 26 a factor of 53345322?
False
Is 31218124 a multiple of 7?
True
Does 4 divide 12142397?
False
Does 12 divide 21967232?
False
Does 120 divide 112662127?
False
Is 44 a factor of 53426212?
False
Is 8 a factor of 437505543?
False
Is 240082999 a multiple of 54?
False
Does 6 divide 5010756?
True
Does 34 divide 452235700?
True
Is 5 a factor of 56492167?
False
Is 121718660 a multiple of 11?
False
Does 1916 divide 101205036?
True
Does 90 divide 59263215?
False
Does 7 divide 54043611?
False
Is 24 a factor of 41460384?
True
Is 99816822 a multiple of 294?
True
Does 6 divide 43648812?
True
Is 48 a factor of 3073870?
False
Is 65 a factor of 4899380?
False
Does 9 divide 14165119?
False
Is 1856 a factor of 200360768?
True
Is 8653132 a multiple of 1558?
True
